. What is c(-7)?
21
Let n = 33 + -16. Suppose 0 = 3*a + q - n, 6*q - 6 = 3*q. Let m be 3 - a - (1 + -12). Let u(o) = o - 12. What is u(m)?
-3
Let t = 656 - 650. Let k(i) = -i**3 + 7*i**2 + 7*i + 13. Calculate k(t).
91
Let g(w) = w**3 + 16*w**2 - 17*w + 13. Let i be ((-1)/(-3)*-34)/(9 + 125/(-15)). Give g(i).
13
Let g(n) = 0*n**2 - 1007 - 14*n - n**2 + 1001. Determine g(-14).
-6
Suppose -3*t + 21 = 2*w, -9 + 2 = -t - 3*w. Let y be (-1 - -2)/(3 + 15/(-6)). Let j(z) = 6 - 3*z + 2 + 0 + y*z. Determine j(t).
1
Let j(u) = -1. Let g(x) = -x + 2. Let c(d) = -g(d) + 3*j(d). Let i(o) = o**2 - 155*o + 3649. Let t be i(126). What is c(t)?
-10
Let q(o) be the second derivative of -o**4/12 - 7*o**3/6 - 7*o**2/2 + 10523*o. Let x(v) = -1 + 3 - 2 + 6*v. Let d be x(-1). Determine q(d).
-1
Let z be -12 - -26 - 3 - (0 - -11). Let n(t) = t**3 - t**2 + 6. Give n(z).
6
Let r(x) = -x**3 - 13*x**2 - 15*x - 23. Suppose -4 = -h, -3*f + 263*h = 268*h + 16. Give r(f).
13
Suppose -2 = -4*u - 2*r, 7 = -u - 0*r + 2*r. Let k(d) = -d - 5. Calculate k(u).
-4
Let x(z) = -4*z**3 + 4*z**2 + 9*z - 28. Let b(m) = 7*m**3 - 7*m**2 - 15*m + 56. Let a(p) = 3*b(p) + 5*x(p). Calculate a(0).
28
Let p be -4 + (-3 - (-11 + 2) - -4). Let u(x) be the first derivative of -x**3/3 + 4*x**2 - 7*x + 3. Give u(p).
5
Suppose -29*u - 61 = 292 - 63. Let o(m) = -9*m - 16. Determine o(u).
74
Let t(g) = -3*g**3 + 13*g**2 + 14*g. Let w(k) = 5*k**3 - 28*k**2 - 25*k + 1. Let m(a) = -7*t(a) - 4*w(a). Give m(-21).
-46
Let o(x) be the first derivative of -x**5/30 + x**3/6 - 9*x**2/2 + 68. Let a(p) be the second derivative of o(p). Calculate a(2).
-7
Let z(o) = -o**3 + 2*o**2 + 4*o + 14. Let d(n) = 8*n + 516. Let k be d(-64). Give z(k).
-2
Let f(v) = 3*v - 1. Let y(r) = r**3 - 7*r**2 + 6*r. Let z be y(5). Let b be 28/(-4)*(z/(-28) - 1). Suppose -m - b = -3*i, 4*i + 38 = 5*m + 5*i. Give f(m).
20
Let f(h) = h**2 + 10*h - 12. Let s be 2 + (-9)/2 - (35 + 1908/(-72)). Give f(s).
-1
Let q = -1875 + 3962. Let v(s) = -q*s - 2088*s - 3 + 3 + 4174*s. Give v(-3).
3
Let i(k) = 6*k - 7. Suppose o - 2*g + 16 - 3 = 0, 2*o = 3*g - 21. What is i(o)?
-25
Let v(a) = 15 + 7 + 0*a - a. Suppose -x = 5*d - 63, 2*d + 3*x = -2*d + 46. Give v(d).
9
Let g(i) be the third derivative of i**7/840 - i**6/72 + i**5/30 - i**4/12 - 51*i**3/2 + 92*i**2. Let q(z) be the first derivative of g(z). What is q(5)?
18
Let p be (6/10 + -1)/(32/(-1440)). Suppose b + z = 4*z + p, -3*z - 12 = 0. Let h(u) = -u**3 + 7*u**2 - 4*u + 3. What is h(b)?
15
Let u(i) be the second derivative of -i**5/20 - i**4/4 + i**3/6 - 3*i**2/2 + 7*i - 4. Let m = 14 - 9. Suppose -m*l - 23 + 3 = 0. What is u(l)?
9
Let s(t) = -7*t**2 - 14*t - 6. Let j(k) = k**2 - 6*k + 22*k - 4 + 3 - 15*k. Let r(q) = -6*j(q) - s(q). Give r(-9).
21
Let q(f) = -f + 2. Suppose 2*w - 6 = -2*j, 0 = -2*j - 8*w + 5*w + 3. Suppose 3*r + 41 = s, -j*s = 5*r - 2*s + 74. Let u be r/(-3) - (-18)/(-27). Calculate q(u).
-2
Let x = 2591 - 2580. Let n(q) = 4 - 10*q - 7 - 2 + q**2. Let z be n(x). Let t(m) = -m**2 + 3*m + 1. Determine t(z).
-17
Let p(j) = j**2 + 13*j - 1. Let h be 2/4*-26 + (-3 - -5). What is p(h)?
-23
Let f be -13 - -8 - -11 - (-8 + -1). Let r(s) = -s**2 + 20*s - 58. What is r(f)?
17
Suppose f = 2*j + 30, -4*f + 86 = -2*j - 4. Let l be (1*9 - 1)*10/f. Let p(a) = a + 1. Determine p(l).
5
Let f(d) = -3*d**2 + 1. Let b(u) = -u**2 - 5*u - 4. Let v be b(-3). Suppose 0 = 435*i - 433*i + v. What is f(i)?
-2
Let f(u) = -18*u - 9. Let w(j) = j**3 - 13*j**2 + 40*j - 105. Let i be w(10). Calculate f(i).
81
Let r(s) be the second derivative of -70*s - 11/10*s**5 + 0 + 1/6*s**4 + 0*s**3 - 1/2*s**2. Give r(1).
-21
Let s(i) = -i - 26. Suppose 0 = -3*a + r - 15, 228*a - 33 = 231*a + 5*r. Calculate s(a).
-20
Let p(f) = 6*f + 10. Let k(u) = 10*u + 20. Suppose 0 = -5*a - 2*c + 30, 3*a + c - 4*c + 3 = 0. Let d(w) = a*k(w) - 7*p(w). Determine d(5).
0
Let s be (30/3)/(-1)*-1. Suppose -5*z - 2*f - 3*f = -s, -z + 2 = 3*f. Let d(n) = 4*n + 0 + 4 - 3*n**2 + 0 + 0 - 6. What is d(z)?
-6
Let w(v) be the first derivative of v**3/3 - 4*v**2 + 13*v - 6062. What is w(6)?
1
Let b(l) = l - 3. Let j(v) = -2*v**2 - 17*v - 157. Let u be j(-17). Let c = u + 455. Determine b(c).
6
Let n(k) be the second derivative of k**5/20 + 8*k**4/3 + 59*k**3/6 - 35*k**2/2 + 622*k. Determine n(-30).
-5
Let s = -606 + 603. Let h(y) = 13*y + 12. Let m(w) = 4*w. Let t(b) = s*m(b) + h(b). Calculate t(-11).
1
Let x(p) = 2*p + 8. Let u(g) = -20*g + 1108. Let l be u(56). What is x(l)?
-16
Let x(f) = -1663*f + 558*f + 555*f - 1 + 553*f. Let q = 3 + 0. Suppose 2*b - q*b = -j - 5, 2*j + 16 = 5*b. What is x(b)?
5
Let w(i) = i**2 - 3*i + 11. Let r be (-209)/(-38) + 4/(-8). What is w(r)?
21
Suppose 565*c - 4*y = 567*c, 3*c + 9 = -3*y. Let z(n) = -n**3 - 9*n**2 + 6. Give z(c).
-102
Let n(d) = -d**3 + 11*d**2 - 8*d - 11. Let x(b) be the first derivative of -b**4 - b**3/3 - b**2 - b - 4. Let p be x(-2). Suppose 4*f - p = 9. Give n(f).
9
Let x(o) = o**2 - 8*o - 12. Let w(s) = 20*s**2 - 6*s + 4. Let q be w(2). Suppose -3*n + 11*n = q. Give x(n).
-3
Let c(t) = 8*t - 1. Let g(l) = -4*l**2 - 42*l + 15. Let k be g(-11). Let n be (k - 12/(-3))/(-3). What is c(n)?
7
Let k(j) = -3*j**3 - 10*j**2 - 8*j + 10. Let q(c) = -4*c**3 - 12*c**2 - 10*c + 9. Let b(w) = -3*k(w) + 2*q(w). What is b(-5)?
-7
Let k(p) be the third derivative of 5*p**4/12 + 4*p**3/3 + 15*p**2 - 25*p. Determine k(0).
8
Let j(z) be the second derivative of 5/6*z**3 - z**2 + 9*z + 3. Determine j(2).
8
Let c(l) = 57*l**3 - 56*l**3 + 2*l**2 + l**2 + l**2 - 8*l - 33. Give c(-4).
-1
Let h(q) = 1 - 26*q + 7 + 5794*q**2 - 11574*q**2 - q**3 + 5790*q**2. What is h(8)?
-72
Suppose y = 436 + 1107. Let k(q) = 2*q - 3*q + q**2 - 1542 + y. Calculate k(1).
1
Let g(y) = -10*y - 94. Let t = 2285 + -2295. Calculate g(t).
6
Let a(p) be the second derivative of -p**5/20 + p**4/3 + p**3 - 3*p**2/2 - 11*p. Let l(g) = 21*g - 16. Let n be l(1). What is a(n)?
2
Let t(h) = 1024 - h - 1010 + 0*h. Let x(d) = -5*d**2 - 2*d - 10. Let a be x(-5). Let y = -113 - a. Calculate t(y).
2
Let r(g) = -13*g + 5. Let b(c) = 22*c - 10. Let t(w) = -3*b(w) - 5*r(w). Let n(v) = -v - 3. Let d be n(-4). Let x = d - -4. Calculate t(x).
0
Suppose -5*t = k - 515, -213 = -2*t - 6*k + 7*k. Let g(i) = -98*i + 4 - 3 + t*i. Give g(4).
25
Let w(y) be the first derivative of -y**4/4 - 5*y**3/3 + 4*y**2 + 9*y + 18. Let u = -3104 + 3098. Calculate w(u).
-3
Suppose 0 = -3*k - 3*g + 48, 4*k = -3*g + 44 + 15. Let b(a) = 11*a - 140. Give b(k).
-19
Let s(p) be the second derivative of -p**5/20 - p**4/6 - 2*p**3/3 + 7*p**2 - 1044*p. Determine s(0).
14
Let z(k) = k**2 - 9*k + 11. Let x(d) = 34*d + 267. Let f be x(-8). Let t be (-43)/f - 10/(-25). Calculate z(t).
11
Let q(c) be the third derivative of 13*c**6/120 + c**5/60 + c**4/12 + c**3/2 + 2*c**2 + 2445. Calculate q(-1).
-11
Let r be 105/6*(-4)/(-14) + -2. Let x(q) be the third derivative of 0*q + 0*q**r + 1/24*q**4 + 0 + 18*q**2. Give x(-6).
-6
Let d(o) = 5*o**2 + 34*o - 34 + 3*o + 6*o - 32*o - o**3 - 30. What is d(4)?
-4
Let l(t) be the second derivative of -1/12*t**4 + 5*t**2 + 0 + 4/3*t**3 - 47*t. Let m = 71 + -64. What is l(m)?
17
Let k(i) be the second derivative of -i**4/12 + 5*i**3/3 - 7*i**2/2 - 942*i. Suppose 3 - 15 = -2*g. What is k(g)?
17
Let a be (-6 - 2/(-2)) + 1. Let s(m) = -2*m**3 + 33*m**2 + 19*m - 32. Let f be s(17). Let y(i) = 2 + 23*i**f - 4 + i - i**3 - 27*i**2 + 3. Determine y(a).
-3
Let m(k) = k**3 - 7*k**2 - 4*k - 10. Suppose -415*b + 635 = -3100. What is m(b)?
116
Let c(v) = v. Let w(n) = 5*n - 44. Let y(s) = 2*c(s) - w(s). Let a be 196/12 + (-3)/((-36)/8). Let d be y(a). Let l(k) = -2*k - 7. What is l(d)?
7
Let s = -1838 - -1844. Let i(w) = -3*w + 3. Let d(j) = -j + 1. Let g(c) = 11*d(c) - 4*i(c). What is g(s)?
5
Let v(d) = -2*d**3 - 8*d**2 - 11*d. Suppose 8*w - 29*w - 92 = 25*w. Calculate v(w).
6
Let w(m) = 4*m**2 + 24*m + 16. Let u be 290/(-50) - 4/(-5). Let v be w(u). Let x(y) = y**3 + 5*y**2 + 4*y + 6. Give x(v).
6
Let c(u) be the first derivative of 4*u**2 + 159*u - 7237. Calculate c(-22).
-17
Let y(d) be the third derivative of 0 + 0*d + 5/24*d**4 + 1/2*d**3 + 3*d**2. Let w be y(0). Let p(s) = -2*s. Give p(w).
-6
Let w(j) be the first derivative of 4 - 1/3*j**3 + 3*j + 0*j**2. Suppose 31